 divisor of 859329 and 1053.
81
Calculate the highest common factor of 138 and 136574.
46
What is the highest common factor of 1539 and 7866?
171
What is the highest common divisor of 1119 and 270425?
373
Calculate the greatest common divisor of 34 and 1944902.
34
What is the highest common divisor of 16217520 and 66?
66
Calculate the highest common divisor of 178 and 548863.
89
What is the highest common factor of 51538 and 2824?
706
Calculate the greatest common factor of 8406 and 38761.
467
What is the highest common factor of 125496 and 864?
216
Calculate the greatest common divisor of 56 and 955906.
14
What is the highest common factor of 364 and 30004?
52
What is the greatest common factor of 118 and 1007602?
118
What is the highest common factor of 22275 and 1275?
75
Calculate the highest common factor of 5434 and 36608.
286
What is the greatest common divisor of 1086 and 3804?
6
Calculate the greatest common divisor of 32614 and 6647.
23
Calculate the greatest common divisor of 1652607 and 297.
99
What is the highest common factor of 9843 and 286605?
579
Calculate the greatest common factor of 2367 and 29403.
9
What is the greatest common factor of 110 and 366410?
110
What is the highest common divisor of 117963 and 510?
51
What is the greatest common factor of 57766 and 34?
34
Calculate the highest common divisor of 1297683 and 345.
69
Calculate the greatest common divisor of 804 and 244014.
402
What is the greatest common divisor of 112 and 6418?
2
What is the highest common divisor of 8379 and 3249?
171
Calculate the greatest common factor of 304 and 684.
76
What is the highest common divisor of 54 and 53682?
6
What is the greatest common factor of 1378 and 3233?
53
What is the highest common factor of 119031 and 33?
33
Calculate the highest common factor of 52975 and 2275.
325
What is the highest common divisor of 30390 and 660?
30
What is the greatest common factor of 46944 and 81?
9
What is the highest common divisor of 453523 and 7?
7
Calculate the highest common divisor of 5735 and 1604653.
1147
What is the greatest common factor of 4941 and 1281?
183
Calculate the highest common divisor of 10236 and 84.
12
Calculate the greatest common divisor of 11308 and 284756.
1028
Calculate the highest common factor of 1288 and 73290.
14
Calculate the highest common factor of 736827 and 546.
273
Calculate the highest common divisor of 76122 and 288.
18
Calculate the highest common factor of 523381 and 669.
223
What is the greatest common divisor of 62331 and 4734?
789
What is the highest common divisor of 56 and 50204?
28
What is the greatest common divisor of 4224 and 957?
33
Calculate the greatest common factor of 50 and 202975.
25
Calculate the greatest common divisor of 759 and 165.
33
What is the highest common factor of 3973450 and 1950?
650
Calculate the highest common divisor of 33 and 3030.
3
What is the greatest common factor of 850 and 54050?
50
Calculate the highest common factor of 1740 and 220650.
30
What is the greatest common divisor of 38170 and 198?
22
Calculate the highest common divisor of 3748 and 188.
4
What is the greatest common factor of 2420 and 36?
4
Calculate the greatest common divisor of 88 and 4910004.
44
Calculate the highest common divisor of 237370 and 1610.
70
Calculate the greatest common factor of 125489 and 788.
197
Calculate the highest common divisor of 225 and 58825.
25
What is the greatest common divisor of 195 and 753?
3
Calculate the highest common divisor of 2323 and 4747.
101
Calculate the greatest common factor of 99880 and 280.
40
Calculate the greatest common factor of 51338 and 342.
38
What is the greatest common factor of 50 and 4695?
5
Calculate the highest common divisor of 949666 and 9436.
674
What is the greatest common factor of 66 and 110792?
22
Calculate the highest common divisor of 67900 and 68.
4
What is the highest common divisor of 37064 and 1640?
328
What is the highest common factor of 551 and 614365?
551
Calculate the greatest common divisor of 3014 and 7722.
22
Calculate the highest common divisor of 6182 and 29224.
562
What is the highest common factor of 2370 and 76788?
474
What is the highest common factor of 443274 and 26?
26
Calculate the highest common divisor of 50299 and 358.
179
Calculate the highest common factor of 2830450 and 350.
350
What is the greatest common factor of 5215 and 236165?
745
What is the greatest common divisor of 1365 and 34905?
195
What is the highest common divisor of 2487672 and 264?
264
What is the highest common divisor of 9690 and 2490?
30
What is the highest common factor of 12664 and 1864?
8
What is the greatest common factor of 4972 and 4268?
44
What is the greatest common factor of 70 and 239645?
35
What is the highest common factor of 179041 and 4?
1
What is the highest common factor of 5307 and 14823?
183
What is the highest common factor of 73 and 5844526?
73
What is the highest common divisor of 104 and 45409?
13
What is the highest common divisor of 30108 and 132784?
772
What is the highest common divisor of 2124 and 101716?
236
What is the greatest common divisor of 9 and 3090870?
9
What is the highest common factor of 792 and 16248?
24
What is the highest common divisor of 745 and 995?
5
What is the highest common divisor of 22240 and 162080?
160
Calculate the highest common factor of 233156 and 847.
77
What is the highest common factor of 250661 and 367?
367
What is the greatest common divisor of 646 and 7543?
19
Calculate the greatest common factor of 737 and 201737.
67
What is the highest common factor of 15150224 and 964?
964
Calculate the greatest common factor of 12168 and 112320.
936
Calculate the greatest common divisor of 15330 and 70.
70
Calculate the highest common factor of 237030 and 120.
30
What is the highest common factor of 43923 and 99?
33
Calculate the highest common divisor of 2144 and 9344.
32
Calculate the highest common factor of 832 and 546.
26
Calculate the highest common divisor of 44 and 13354.
22
Calculate the greatest common divisor of 1040 and 345860.
20
What is the highest common factor of 3 and 276723?
3
Calculate the highest common divisor of 29692 and 247.
13
Calculate the highest common divisor of 7622 and 42254.
74
What is the greatest common factor of 544 and 12288?
32
Calculate the highest common divisor of 1640 and 417298.
82
Calculate the greatest common divisor of 11 and 175494.
11
What is the highest common factor of 1173 and 171649?
391
Calculate the highest common factor of 9072 and 256.
16
Calculate the highest common divisor of 1210 and 34020.
10
What is the greatest common divisor of 304761 and 1302?
93
What is the highest common factor of 2697278 and 38?
38
Calculate the highest common factor of 316922 and 12016.
1502
Calculate the greatest common divisor of 1503916 and 4.
4
Calculate the greatest common divisor of 325 and 22620.
65
Calculate the greatest common divisor of 104 and 6914.
2
Calculate the greatest common factor of 26 and 2314559.
13
What is the highest common divisor of 33 and 26917?
11
Calculate the greatest common factor of 1110 and 131128.
74
Calculate the highest common factor of 102265 and 113.
113
Calculate the highest common factor of 2510 and 710.
10
What is the greatest common factor of 26170 and 700?
10
Calculate the greatest common factor of 569 and 430733.
569
Calculate the greatest common divisor of 13375 and 2250.
125
Calculate the greatest common factor of 2126366 and 418.
418
Calculate the highest common factor of 7865 and 10010.
715
What is the highest common divisor of 193403 and 147?
49
Calculate the highest common divisor of 4794 and 150.
6
Calculate the greatest common factor of 4225 and 250.
25
What is the highest common divisor of 355707 and 99?
99
Calculate the greatest common divisor of 87 and 2343.
3
What is the highest common factor of 66480 and 45?
15
Calculate the greatest common factor of 720 and 1428.
12
What is the greatest common divisor of 1445245 and 10?
5
What is the highest common factor of 20553 and 1694832?
1581
Calculate the greatest common factor of 240 and 1074648.
24
Calculate the highest common factor of 186456 and 1632.
408
What is the greatest common factor of 512 and 31555072?
512
What is the highest common factor 